he prime factors of d.
2, 5
Suppose m = -3*d + 93, -4*m + 3 = -3*m. Suppose 0 = -3*j + 315 - d. Suppose j = -g + 6*g. What are the prime factors of g?
19
Suppose m + 2 = 4*u, 3*m + m = 2*u + 20. Let p = 46 - 42. List the prime factors of (2 + m)/(p/32).
2
Suppose 13*t = 8*t - 45. Let g = 33 + t. What are the prime factors of g?
2, 3
Suppose -13*b + 28 - 2 = 0. Let y = -6 + 9. Suppose -4*a = -y*x + 7, -x - b*a + 30 = 11. List the prime factors of x.
3
Let o be (-2 - 1)/(-6)*0. Let u(z) = 4 - 2*z**3 - z**2 + z + z**3 + o*z**3. What are the prime factors of u(0)?
2
Suppose 0 = 2*f + 3*j - 5323, 13318 = 5*f + 38*j - 41*j. What are the prime factors of f?
2663
Suppose -8 - 2 = -2*b. Suppose 12 = b*n + n. What are the prime factors of n?
2
Suppose 36 = -9*h + 6*h. Let q(d) = -11*d**2 - 4 - 5 + 10*d**2 - 17*d. List the prime factors of q(h).
3, 17
Let y(r) = -r**3 + 3*r**2 + 10*r + 3. Let u be y(5). Suppose -2*l + 111 = -0*l + u*t, 3*l = -2*t + 179. List the prime factors of l.
3, 7
Suppose 3*s - 4*s + 5214 = 4*l, -3*l + 5*s + 3899 = 0. What are the prime factors of l?
1303
What are the prime factors of -1*(-38 - 288)*10/4?
5, 163
Let u = 12 - 12. Suppose 0 = -u*b + b. Suppose -2*k + 28 = -b*k. List the prime factors of k.
2, 7
Let n(g) = g. Let u be 12/(-10)*30/9. Let y be n(u). What are the prime factors of y/8*-2 + 35?
2, 3
Suppose l + 398 = 2*l. List the prime factors of l.
2, 199
Let s(w) = -2*w + 29. Let n be s(11). Suppose -i + n*t + 62 = 3*t, -3*i - 2*t + 116 = 0. List the prime factors of i.
2, 3, 7
Suppose -3*q - 2*p + 6 = 0, 0*q - 5*q - 3*p = -10. Let a be q/9 + 865/(-45). Let c = a - -44. List the prime factors of c.
5
Let y(d) = 3*d - 3. Let p be y(2). Let j = p - -9. Suppose m + j = 2*n - 94, 0 = 3*n - 4*m - 159. What are the prime factors of n?
53
Let o be (1 - 3)/(0 + 2) - 1. Let f(l) = -9*l**3 - l**2 - 4*l - 2. List the prime factors of f(o).
2, 37
Suppose 9198 = -20*t + 34*t. What are the prime factors of t?
3, 73
Let p be 14/(12 - 5)*(-11)/2. Let r(h) = -4*h + 46. What are the prime factors of r(p)?
2, 3, 5
Suppose -3*j = 3*n - 111, 0 = -2*n + 5*j + 31 + 78. Suppose 4*i + k - n = 3*i, -i + 2*k = -30. List the prime factors of i.
2, 19
Let z = -2173 - -2887. What are the prime factors of z?
2, 3, 7, 17
Suppose -r + 156 = -4*k, 5*k - 707 = -5*r - 52. What are the prime factors of r?
2, 17
Suppose -3*a = -15 - 1200. Suppose a = -t + 6*t. Let n = -21 + t. List the prime factors of n.
2, 3, 5
Let l = 673 + 323. What are the prime factors of l?
2, 3, 83
Let n(j) = -j + 13. Let v be n(10). Suppose -p - v = -0. List the prime factors of -18*(-4 + (p - -6)).
2, 3
Suppose 42*n + 12618 = 48*n. What are the prime factors of n?
3, 701
Let f be 6/8 - 1292/16. Let v = f + 178. List the prime factors of v.
2, 7
Let b(p) = p**3 - p**2 + 140. Let i be b(0). Suppose 2*j - 3*j - 5*n + i = 0, -3*j = n - 350. List the prime factors of j.
5, 23
Let m(f) = 26*f**2 - 11*f - 13. What are the prime factors of m(5)?
2, 3, 97
Let x be (-3)/(-15) + (-19437)/(-15). Suppose -4*r + x = -2*g + 340, g + 2*r + 470 = 0. List the prime factors of g/(-15) - (-2)/5.
2
Suppose -y + 18 = g - 6*g, 0 = -y - 2*g - 17. Let x be 5 + -7 + y/(-1). Suppose -x*l = -3*l - 16. What are the prime factors of l?
2
Let t be 4/(-2)*3/(-2). Let p be t/(-3)*3 + 151. Suppose -4*k + p = 48. List the prime factors of k.
5
List the prime factors of (-4224)/(7 + -9) + -1.
2111
Suppose -36 = -0*n - 5*n + 3*u, 4*n - 5*u = 34. Suppose -6*t = -n - 210. List the prime factors of t.
2, 3
Let d = -1620 - -2742. List the prime factors of d.
2, 3, 11, 17
Let t be (96/(-20))/(3/(-20)). Let p be t - (-6 - (0 - 3)). Suppose 2*d - 5 - p = -2*h, -5*h + 5 = 0. List the prime factors of d.
19
Let j be (-3)/(-9) + 11/3. Suppose -2*c + j + 4 = 0. Suppose u = -4*u + c*w + 59, -4*u = 2*w - 68. List the prime factors of u.
3, 5
List the prime factors of 132 - 135 - (0 - 1694).
19, 89
Let w be 1/2*2*(-4 + 6). Suppose w*k + 47 = 3*k + a, 5 = a. What are the prime factors of k?
2, 3, 7
Let q = 908 - -480. Suppose 5*b - q = -4*a, -4*a = -2*a + 6. Suppose 0 = -5*m + m + 5*u + 224, b = 5*m - 4*u. List the prime factors of m.
2, 7
Suppose -5*v + 25 = -0. Suppose -v*p + w - 24 = 0, -p + 5*w = -7 + 31. What are the prime factors of 1/p - 196/(-16)?
2, 3
Suppose 2*z + 8 = 4*h, -h = -z - 0*h - 3. Suppose -2415 = -9*o + 4*o. List the prime factors of z/(-6) - o/(-63).
2
Let y(u) = u**2 - 2*u - 3. Let i be y(-2). Suppose -i*x - 8 = -6*x. List the prime factors of x.
2
Let k(t) = t**3 + 32*t**2 - 38*t - 43. What are the prime factors of k(-33)?
2, 61
Let n be 10/4 - (-1)/2. Suppose 2*f + 5 = 5*r, -r - 6*r = -2*f - 3. List the prime factors of r - -1*33 - n.
29
Suppose 2*y - 2 = 2. Suppose -2*o + 86 = y. What are the prime factors of o?
2, 3, 7
Let k be 24/(-10) - (-12)/30 - -9. Suppose n + 3*n = 64. Let r = n - k. List the prime factors of r.
3
Suppose b + 640 = 3*s, 5*s - 6*b = -10*b + 1078. What are the prime factors of s?
2, 107
Let a(w) = w**3 + 7*w**2 - 13*w - 19. Let l be a(-7). Let r = -24 + l. What are the prime factors of r?
2, 3
Let w(s) = -s - 12. Let k be w(-13). Let m be (-2)/(k*3/(-105)). Suppose -2*x = -7*x + m. What are the prime factors of x?
2, 7
Suppose -2647 - 11897 = -24*b. List the prime factors of b.
2, 3, 101
Let m(j) = j**2 - 16*j + 4. Let u be m(16). Suppose 4*d = -4*v + 38 - 2, -4 = -u*v. What are the prime factors of d?
2
Suppose 13*f = 147 + 152. What are the prime factors of f?
23
Suppose 0 = t - k + 15, 4 = -2*t - 4*k - 14. Let h(o) = 3*o**2 + 37*o + 26. List the prime factors of h(t).
2, 13
Let r = 49 - -895. What are the prime factors of r?
2, 59
Let q = -20 + 24. Let l = 47 - q. List the prime factors of l.
43
Suppose -11*r + 7*r + 348 = 0. List the prime factors of r.
3, 29
Suppose -39*y - 3820 = -44*y. What are the prime factors of y?
2, 191
Let x be 3/(78/74) + 4/26. Suppose -3*t = x*b - 147, -2*t - 8 = -3*b + 114. List the prime factors of b.
2, 11
Let x(k) = 643*k + 11. Let u be x(-12). What are the prime factors of 2/8 - u/92?
2, 3, 7
Suppose -5*r + 158 = -147. Suppose 0*s + o + r = -2*s, 4*o = -5*s - 157. Let x = 49 + s. List the prime factors of x.
2, 5
Suppose -212308 = -27*d - 79765. What are the prime factors of d?
4909
Suppose 8 = 2*f + 6. List the prime factors of (1/f)/(-8*(-5)/6520).
163
Let f(v) = -v**2 + 28*v - 20. List the prime factors of f(11).
167
Let q(g) = 149*g + 838. What are the prime factors of q(10)?
2, 3, 97
Let f be 48/((36/(-8))/9). Let r = f + 167. List the prime factors of r.
71
Let n = 225 - -1648. List the prime factors of n.
1873
Let a(p) = 2*p**3 + 2*p**2 - 4. Let s be a(-2). Let w = 29 + s. List the prime factors of w.
17
Suppose -5*b = 4*w - 114, 2*b + b = 6. Suppose -2*u = -w - 474. What are the prime factors of u?
2, 5
Suppose 5*x + 0*y - 20 = -5*y, -x + 6 = 2*y. Suppose -63 = -x*w + 79. What are the prime factors of w?
71
Let x(y) = 8*y**2 + 3*y + 4. Let h be x(3). Suppose 4*r - 91 - 31 = -3*g, 0 = -2*g + r + h. Let l = g + -6. What are the prime factors of l?
2, 3
Let x(o) = o**2 - 10*o + 9. Let r be x(9). Let p = 11 - r. List the prime factors of p.
11
Let w(v) = -v**3 - 11*v**2 - 10*v + 2. Let d be w(-10). Suppose -2 = -d*p - 44. What are the prime factors of -33*(p/(-9) + -3)?
2, 11
What are the prime factors of ((-4)/18*6)/(4/(-6558))?
2, 1093
Let i(z) be the first derivative of 8*z**3/3 - 7*z**2 + 17*z + 55. List the prime factors of i(5).
3, 7
Let x = -1909 - -3396. List the prime factors of x.
1487
Let o = -873 + 1621. List the prime factors of o.
2, 11, 17
Let a(s) = -s**2 - 3*s + 6. Let u be a(-4). Let f(r) = -14*r + 35. Let p(c) = -7*c + 18. Let b(v) = u*f(v) - 5*p(v). List the prime factors of b(8).
2, 3
Suppose 3*j - 70 = -2*u - 3*u, -u + 49 = 2*j. Let i = -18 + j. Suppose i + 71 = 6*s. What are the prime factors of s?
13
Let u be 4/12 - 22/(-6). Suppose -2*f + 5*f - 114 = -5*y, 0 = u*y + 2*f - 90. Let s = y + -15. List the prime factors of s.
2, 3
Let r(i) = 6*i - 7. Let u(y) = 7*y - 6. Let t(o) = -5*r(o) + 4*u(o). Let h(j) = -8*j + 45. Let m(l) = 2*h(l) - 9*t(l). List the prime factors of m(12).
3, 5
Let i = -26 - -32. List the prime factors of (-520)/(-12) + 4/i.
2, 11
Let y be 46 + (-1 + 1)*1. Let v(i) = 3*i**3 + 43*i**2 + 13*i - 10.